{"id":39,"date":"2025-04-03T21:26:43","date_gmt":"2025-04-03T19:26:43","guid":{"rendered":"https:\/\/creche.voltor.fr\/?page_id=39"},"modified":"2025-04-19T19:11:31","modified_gmt":"2025-04-19T17:11:31","slug":"qui-somme-nous","status":"publish","type":"page","link":"https:\/\/microcreche-lecocon.fr\/?page_id=39","title":{"rendered":"Nos Valeurs"},"content":{"rendered":"\n<p>Accueillir un enfant et sa famille doit \u00eatre plus qu\u2019un projet ; c\u2019est une mission majeure qui se r\u00e9fl\u00e9chit \u00e0 tous moments. Un grand travail de pr\u00e9paration et de suivi est donc indispensable pour penser cet accueil.&nbsp;<\/p>\n\n\n\n<p>En effet, notre micro-cr\u00e8che est un lieu de rencontres entre les enfants, les familles et les professionnels. Notre projet \u00e9ducatif s\u2019appuie sur nos valeurs fondatrices\u00a0: Mixit\u00e9, accompagnement \u00e0 la parentalit\u00e9, s\u00e9curit\u00e9 affective de l\u2019enfant et \u00e9cologie.<\/p>\n\n\n\n<p><\/p>\n\n\n\n<p>Projet Educatif: <a href=\"https:\/\/microcreche-lecocon.fr\/wp-content\/uploads\/2025\/04\/Projet-Educatif-Creche.pdf\">T\u00e9l\u00e9charger<\/a><\/p>\n\n\n\n<p><\/p>\n","protected":false},"excerpt":{"rendered":"<p>Accueillir un enfant et sa famille doit \u00eatre plus qu\u2019un projet ; c\u2019est une mission majeure qui se r\u00e9fl\u00e9chit \u00e0 tous moments. Un grand travail [&hellip;]<\/p>\n","protected":false},"author":1,"featured_media":201,"parent":0,"menu_order":0,"comment_status":"closed","ping_status":"closed","template":"","meta":{"footnotes":""},"class_list":["post-39","page","type-page","status-publish","has-post-thumbnail","hentry"],"_links":{"self":[{"href":"https:\/\/microcreche-lecocon.fr\/index.php?rest_route=\/wp\/v2\/pages\/39","targetHints":{"allow":["GET"]}}],"collection":[{"href":"https:\/\/microcreche-lecocon.fr\/index.php?rest_route=\/wp\/v2\/pages"}],"about":[{"href":"https:\/\/microcreche-lecocon.fr\/index.php?rest_route=\/wp\/v2\/types\/page"}],"author":[{"embeddable":true,"href":"https:\/\/microcreche-lecocon.fr\/index.php?rest_route=\/wp\/v2\/users\/1"}],"replies":[{"embeddable":true,"href":"https:\/\/microcreche-lecocon.fr\/index.php?rest_route=%2Fwp%2Fv2%2Fcomments&post=39"}],"version-history":[{"count":6,"href":"https:\/\/microcreche-lecocon.fr\/index.php?rest_route=\/wp\/v2\/pages\/39\/revisions"}],"predecessor-version":[{"id":274,"href":"https:\/\/microcreche-lecocon.fr\/index.php?rest_route=\/wp\/v2\/pages\/39\/revisions\/274"}],"wp:featuredmedia":[{"embeddable":true,"href":"https:\/\/microcreche-lecocon.fr\/index.php?rest_route=\/wp\/v2\/media\/201"}],"wp:attachment":[{"href":"https:\/\/microcreche-lecocon.fr\/index.php?rest_route=%2Fwp%2Fv2%2Fmedia&parent=39"}],"curies":[{"name":"wp","href":"https:\/\/api.w.org\/{rel}","templated":true}]}}