{"id":207,"date":"2025-04-19T15:08:41","date_gmt":"2025-04-19T13:08:41","guid":{"rendered":"https:\/\/microcreche-lecocon.fr\/?page_id=207"},"modified":"2025-04-19T16:51:08","modified_gmt":"2025-04-19T14:51:08","slug":"la-micro-creche","status":"publish","type":"page","link":"https:\/\/microcreche-lecocon.fr\/?page_id=207","title":{"rendered":"La micro-cr\u00e8che"},"content":{"rendered":"\n<p>La micro-cr\u00e8che le Cocon proposent un lieu de vie de 140 m2 ,adapt\u00e9 aux jeunes enfants, r\u00e9pondant aux normes de s\u00e9curit\u00e9 sp\u00e9cifique \u00e0 la petite enfance ainsi qu\u2019aux normes d\u2019accueil pour les personnes en situation de handicap.  Deux places sont sp\u00e9cifiquement r\u00e9serv\u00e9es \u00e0 l&rsquo;accueil d&rsquo;enfant en situation de handicap. Pour les repas, nous privil\u00e9gions des\u00a0produits de saison, bios ou locaux\u00a0et limitons l\u2019usage du plastique pour le mat\u00e9riel fourni aux enfants.<\/p>\n\n\n\n<p><\/p>\n\n\n\n<p><\/p>\n","protected":false},"excerpt":{"rendered":"<p>La micro-cr\u00e8che le Cocon proposent un lieu de vie de 140 m2 ,adapt\u00e9 aux jeunes enfants, r\u00e9pondant aux normes de s\u00e9curit\u00e9 sp\u00e9cifique \u00e0 la petite [&hellip;]<\/p>\n","protected":false},"author":1,"featured_media":270,"parent":0,"menu_order":0,"comment_status":"closed","ping_status":"closed","template":"","meta":{"footnotes":""},"class_list":["post-207","page","type-page","status-publish","has-post-thumbnail","hentry"],"_links":{"self":[{"href":"https:\/\/microcreche-lecocon.fr\/index.php?rest_route=\/wp\/v2\/pages\/207","targetHints":{"allow":["GET"]}}],"collection":[{"href":"https:\/\/microcreche-lecocon.fr\/index.php?rest_route=\/wp\/v2\/pages"}],"about":[{"href":"https:\/\/microcreche-lecocon.fr\/index.php?rest_route=\/wp\/v2\/types\/page"}],"author":[{"embeddable":true,"href":"https:\/\/microcreche-lecocon.fr\/index.php?rest_route=\/wp\/v2\/users\/1"}],"replies":[{"embeddable":true,"href":"https:\/\/microcreche-lecocon.fr\/index.php?rest_route=%2Fwp%2Fv2%2Fcomments&post=207"}],"version-history":[{"count":3,"href":"https:\/\/microcreche-lecocon.fr\/index.php?rest_route=\/wp\/v2\/pages\/207\/revisions"}],"predecessor-version":[{"id":240,"href":"https:\/\/microcreche-lecocon.fr\/index.php?rest_route=\/wp\/v2\/pages\/207\/revisions\/240"}],"wp:featuredmedia":[{"embeddable":true,"href":"https:\/\/microcreche-lecocon.fr\/index.php?rest_route=\/wp\/v2\/media\/270"}],"wp:attachment":[{"href":"https:\/\/microcreche-lecocon.fr\/index.php?rest_route=%2Fwp%2Fv2%2Fmedia&parent=207"}],"curies":[{"name":"wp","href":"https:\/\/api.w.org\/{rel}","templated":true}]}}